is the hundreds digit of 843?
8
What is the tens digit of 265?
6
What is the units digit of 4036?
6
What is the tens digit of 549?
4
What is the hundreds digit of 592?
5
What is the units digit of 1193?
3
What is the tens digit of 24791?
9
What is the tens digit of 4474?
7
What is the tens digit of 256?
5
What is the units digit of 1846?
6
What is the units digit of 20641?
1
What is the tens digit of 31240?
4
What is the thousands digit of 3983?
3
What is the ten thousands digit of 52915?
5
What is the thousands digit of 28162?
8
What is the tens digit of 14375?
7
What is the tens digit of 277?
7
What is the tens digit of 507?
0
What is the units digit of 13272?
2
What is the tens digit of 7370?
7
What is the hundreds digit of 4270?
2
What is the tens digit of 2009?
0
What is the hundreds digit of 525?
5
What is the units digit of 730?
0
What is the units digit of 1447?
7
What is the units digit of 8757?
7
What is the tens digit of 527?
2
What is the units digit of 9066?
6
What is the thousands digit of 20251?
0
What is the tens digit of 1833?
3
What is the tens digit of 584?
8
What is the tens digit of 4599?
9
What is the units digit of 10659?
9
What is the units digit of 5570?
0
What is the hundreds digit of 3295?
2
What is the thousands digit of 33067?
3
What is the tens digit of 3395?
9
What is the tens digit of 2505?
0
What is the thousands digit of 6034?
6
What is the tens digit of 2885?
8
What is the units digit of 1417?
7
What is the hundreds digit of 4310?
3
What is the units digit of 153?
3
What is the hundreds digit of 8999?
9
What is the ten thousands digit of 20900?
2
What is the tens digit of 974?
7
What is the thousands digit of 13310?
3
What is the hundreds digit of 126065?
0
What is the hundreds digit of 100117?
1
What is the tens digit of 408?
0
What is the hundreds digit of 5127?
1
What is the hundreds digit of 4095?
0
What is the hundreds digit of 5410?
4
What is the hundreds digit of 452?
4
What is the thousands digit of 41768?
1
What is the tens digit of 52313?
1
What is the thousands digit of 8454?
8
What is the thousands digit of 27779?
7
What is the units digit of 13558?
8
What is the hundreds digit of 418?
4
What is the units digit of 2947?
7
What is the units digit of 2426?
6
What is the hundreds digit of 4266?
2
What is the units digit of 2205?
5
What is the thousands digit of 8213?
8
What is the hundreds digit of 11836?
8
What is the tens digit of 21642?
4
What is the units digit of 53909?
9
What is the tens digit of 429?
2
What is the thousands digit of 6873?
6
What is the hundreds digit of 38598?
5
What is the hundreds digit of 10545?
5
What is the ten thousands digit of 15372?
1
What is the tens digit of 15328?
2
What is the units digit of 2258?
8
What is the thousands digit of 112081?
2
What is the units digit of 8223?
3
What is the units digit of 1377?
7
What is the units digit of 1030?
0
What is the units digit of 422?
2
What is the hundreds digit of 1433?
4
What is the thousands digit of 2555?
2
What is the tens digit of 28433?
3
What is the ten thousands digit of 106941?
0
What is the ten thousands digit of 16791?
1
What is the hundreds digit of 3693?
6
What is the units digit of 1024?
4
What is the ten thousands digit of 26791?
2
What is the hundreds digit of 991?
9
What is the hundreds digit of 1316?
3
What is the hundreds digit of 2298?
2
What is the hundreds digit of 2126?
1
What is the thousands digit of 16590?
6
What is the hundreds digit of 40614?
6
What is the tens digit of 1209?
0
What is the thousands digit of 7601?
7
What is the thousands digit of 22284?
2
What is the tens digit of 6839?
3
What is the tens digit of 64?
6
What is the hundreds digit of 118124?
1
What is the hundreds digit of 2333?
3
What is the units digit of 10610?
0
What is the units digit of 927?
7
What is the tens digit of 42701?
0
What is the ten thousands digit of 41828?
4
What is the tens digit of 2549?
4
What is the ten thousands digit of 11660?
1
What is the units digit of 21270?
0
What is the hundreds digit of 2347?
3
What is the units digit of 7157?
7
What is the thousands digit of 29804?
9
What is the tens digit of 361?
6
What is the ten thousands digit of 90091?
9
What is the tens digit of 4769?
6
What is the tens digit of 3268?
6
What is the thousands digit of 1619?
1
What is the hundreds digit of 1221?
2
What is the ten thousands digit of 101126?
0
What is the tens digit of 10434?
3
What is the tens digit of 1348?
4
What is the hundreds digit of 1189?
1
What is the tens digit of 16061?
6
What is the tens digit of 373?
7
What is the ten thousands digit of 43616?
4
What is the ten thousands digit of 13218?
1
What is the hundreds digit of 8627?
6
What is the tens digit of 32090?
9
What is the units digit of 424?
4
What is the thousands digit of 5643?
5
What is the units digit of 449?
9
What is the tens digit of 4545?
4
What is the units digit of 1080?
0
What is the thousands digit of 1320?
1
What is the tens digit of 38922?
2
What is the tens digit of 6098?
9
What is the ten thousands digit of 51150?
5
What is the tens digit of 1292?
9
What is the hundreds digit of 1434?
4
What is the hundreds digit of 1813?
8
What is the tens digit of 5598?
9
What is the tens digit of 347?
4
What is the hundreds digit of 649?
6
What is the hundreds digit of 189?
1
What is the units digit of 6358?
8
What is the thousands digit of 1193?
1
What is the units digit of 1718?
8
What is the hundreds digit of 1684?
6
What is the units digit of 196?
6
What is the hundreds digit of 2373?
3
What is the units digit of 23758?
8
What is the hundreds digit of 78709?
7
What is the units digit of 7167?
7
What is the units digit of 1362?
2
What is the tens digit of 17649?
4
What is the hundreds digit of 124471?
4
What is the thousands digit of 3744?
3
What is the ten thousands digit of 16108?
1
What is the tens digit of 4451?
5
What is the thousands digit of 1036?
1
What is the thousands digit of 3787?
3
What is the units digit of 56484?
4
What is the hundreds digit of 137668?
6
What is the tens digit of 978?
7
What is the tens digit of 35331?
3
What is the thousands digit of 21082?
1
What is the tens digit of 36363?
6
What is the thousands digit of 9196?
9
What is the thousands digit of 11375?
1
What is the thousands digit of 8083?
8
What is the thousands digit of 4045?
4
What is the tens digit of 32?
3
What is the units digit of 138?
8
What is the tens digit of 1746?
4
What is the units digit of 36349?
9
What is the units digit of 30?
0
What is the hundreds digit of 92026?
0
What is the thousands digit of 9827?
9
What is the units digit of 454?
4
What is the thousands digit of 9358?
9
What is the ten thousands digit of 59411?
5
What is the thousands digit of 127034?
7
What is the thousands digit of 1248?
1
What is the tens digit of 16212?
1
What is the ten thousands digit of 129349?
2
What is the units digit of 257?
7
What is the hundreds digit of 14466?
4
What is the tens digit of 3450?
5
What is the units digit of 44600?
0
What is the ten thousands digit of 36325?
3
What is the hundreds digit of 42122?
1
What is the hundreds digit of 3795?
7
What is the units digit of 10914?
4
What is the tens digit of 1488?
8
What is the thousands digit of 72929?
2
What is the units digit of 701?
1
What is the hundreds digit of 3991?
9
What is the hundreds digit of 1825?
8
What is the units digit of 1429?
9
What is the tens digit of 6699?
9
What is the hundreds digit of 14662?
6
What is the tens digit of 536?
3
What is the ten thousands digit of 39313?
3
What is the tens digit of 39405?
0
What is the tens digit of 1955?
5
What is the thousands digit of 2326?
2
What is the units digit of 2245?
5
What is the hundreds digit of 9290?
2
What is the units digit of 46?
6
What is the units digit of 20197?
7
What is the hundreds digit of 2088?
0
What is the hundreds digit of 1591?
5
What is the hundreds digit of 4193?
1
What is the ten thousands digit of 17612?
1
What is the tens digit of 10835?
3
What is the hundreds digit of 5157?
1
What is the hundreds digit of 66161?
1
What is the hundreds digit of 3276?
2
What is the thousands digit of 2026?
2
What is the thousands digit of 2118?
2
What is the tens digit of 2403?
0
What is the units digit of 25721?
1
What is the te